{"id":110,"date":"2021-01-29T22:31:53","date_gmt":"2021-01-29T21:31:53","guid":{"rendered":"http:\/\/fb.news48.eu\/?page_id=110"},"modified":"2021-01-29T22:33:29","modified_gmt":"2021-01-29T21:33:29","slug":"informacje","status":"publish","type":"page","link":"https:\/\/fb.news48.eu\/?page_id=110","title":{"rendered":"Informacje"},"content":{"rendered":"<p>&nbsp;<\/p>\n<p>Witryna\u00a0 jest spo\u0142ecznym przedsi\u0119wzi\u0119ciem<\/p>\n<p>1. Witryna powsta\u0142a z potrzeby chwili zaniepokojonych, niezrzeszonych obywateli i jest projektem obliczonym na dostarczanie spo\u0142ecze\u0144stwu niezale\u017cnych informacji poza rz\u0105dowymi kana\u0142ami rozpowszechnianymi w telewizji rz\u0105dowej i popularyzowanie niezale\u017cnych polityk\u00f3w i nurt\u00f3w spo\u0142ecznych.<\/p>\n<p>2. Serwisem [serwisami] witryny oraz \u201edzia\u0142ami publikacji\u201d zarz\u0105dzaj\u0105 zdalnie spo\u0142ecznie administratorzy, mieszkaj\u0105cy w r\u00f3\u017cnych miastach polski \u2013 w zwi\u0105zku z tym nie mo\u017cna w przypisa\u0107 witryny geograficznie do konkretnej lokalizacji.<br \/>\nLokalizacja serwera i hostingu le\u017cy poza granicami Polski i nie podlega polskiemu prawu.<\/p>\n<p>&nbsp;<\/p>\n<p><span style=\"font-size: 12pt;\"><strong>Polityka w zakresie cytowania informacji i wyra\u017canych opinii w\u0142asnych<\/strong><\/span><\/p>\n<p>1. Cytowane w niniejszym serwisie dane, opinie i informacje oraz opinie w\u0142asne i komentarze s\u0142u\u017c\u0105 szeroko rozumianemu dobru publicznemu, ochronie zdrowia obywateli i konstytucyjnemu prawu dost\u0119pu do pozarz\u0105dowych informacji.<\/p>\n<p>2. Cytowane w niniejszym serwisie dane, opinie i informacje maj\u0105 jedynie zadanie informacyjne w celu dostarczenia internautom alternatywnych opinii i informacji, pozwalaj\u0105cych im na wywa\u017cenie oceny rzeczywisto\u015bci.<\/p>\n<p>3. Opinie wyra\u017cane w komentarzach maj\u0105 charakter subiektywny, pokazuj\u0105cy mo\u017cliwe oceny i niepokoje przeci\u0119tnego obywatela.<\/p>\n<p>4. U\u017cytkownicy niniejszego serwisu sami musz\u0105 dokona\u0107 oceny wyra\u017conych tu opinii przekazywanych informacji, a w razie w\u0105tpliwo\u015bci zapozna\u0107 si\u0119 z innymi \u017ar\u00f3d\u0142owymi lub cytowanymi publikacjami, celem wyrobienia sobie niezale\u017cnego pogl\u0105du.<\/p>\n<p>5. Wszelkie publikowane na stronach serwisu w\u0142asne komentarze, opinie i\u00a0wypowiedzi nie s\u0105 inspirowane \u017cadnymi zleceniami, namowami ani innymi\u00a0spodziewanymi korzy\u015bciami.<\/p>\n<p>6. Administratorzy serwisu nie odpowiadaj\u0105 za odczucia i opinie internaut\u00f3w,\u00a0wyra\u017cane w pytaniach, postach i komentarzach \u2013 administratorzy dok\u0142ada\u0107 b\u0119d\u0105 jednak wszelkich mo\u017cliwych stara\u0144 aby w miar\u0119 szybko po stwierdzeniu\u00a0ewentualnych mo\u017cliwo\u015bci naruszenia d\u00f3br osobistych, fa\u0142szywych informacji lub mowy nienawi\u015bci, usuwa\u0107 takie publikacje.<\/p>\n<p>7. O ile kto\u015b zauwa\u017cy dzia\u0142ania innych internaut\u00f3w opisane w powy\u017cszym pkt.6 , powinien niezw\u0142ocznie powiadomi\u0107 o tym administrator\u00f3w poprzez kana\u0142y tu podane<\/p>\n<p>8. Memy i dowcipy publikowane s\u0105 anonimowo, na zasadzie przedruk\u00f3w z innych witryn internetowych, chyba \u017ce oznaczone s\u0105 konkretnym autorstwem.<\/p>\n<p>&nbsp;<\/p>\n<p><span style=\"font-size: 12pt;\"><strong>Zastrze\u017cenia prawne<\/strong><\/span><\/p>\n<p>1. Operator portalu nie ponosi odpowiedzialno\u015bci za bezpo\u015brednie, po\u015brednie,<br \/>\nprzypadkowe lub wynikowe szkody, straty spowodowane w wyniku dzia\u0142a\u0144\u00a0zwi\u0105zanych z dost\u0119pem, u\u017cyciem, pobieraniem i rozpowszechnianiem materia\u0142\u00f3w z serwisu.<\/p>\n<p>2. Szata graficzna serwisu i uk\u0142ad serwisu, znaki graficzne przypisane do NRE s\u0105 prawnie chronione.<\/p>\n<p>3. Cytowanie jest dozwolone wy\u0142\u0105cznie z podaniem \u017ar\u00f3d\u0142a pierwotnego materia\u0142u cytowanego na niniejszych stronach .<\/p>\n<p>4. Operator witryny nie odpowiada za tre\u015b\u0107 i warunki reklam publikowanych na\u00a0niniejszych stronach.<\/p>\n<p>5. Ka\u017cdy cytowany w jakikolwiek spos\u00f3b u\u017cytkownik serwisu ma prawo do\u00a0przes\u0142ania materia\u0142\u00f3w wyja\u015bniaj\u0105cych i sprostowa\u0144.<\/p>\n<p>6. Operator witryny nie odpowiada za tre\u015b\u0107 komentarzy publikowanych na niniejszych stronach, o ile usunie je w sytuacji nades\u0142ania uzasadnionego sprzeciwu zainteresowanych os\u00f3b, w czasie, w kt\u00f3rym m\u00f3g\u0142 si\u0119 skutecznie z danym sprzeciwem zapozna\u0107.<\/p>\n<p>7. Operator serwisu nie odpowiada za cytowane dane statystyczne publikowane przez inne podmioty ani za tre\u015b\u0107 cytowanych informacji i prawdziwo\u015b\u0107 cytowanych opinii publikowanych w prasie tradycyjnej i internetowej oraz w portalach spo\u0142eczno\u015bciowych.<\/p>\n<p>8. Operatorzy serwisu nie odpowiadaj\u0105 za tre\u015b\u0107 mem\u00f3w i dowcip\u00f3w cytowanych za innymi serwisami.<\/p>\n<p>&nbsp;<\/p>\n<p><strong>Ilustracje<\/strong><\/p>\n<p align=\"left\"><i>Obrazy u\u017cyte w serwisie publikowane s\u0105 na zasadzie domy\u015blnej zgody Simplified Pixabay License lub pochodz\u0105 z anonimowych mem\u00f3w polskich internaut\u00f3w<\/i><\/p>\n","protected":false},"excerpt":{"rendered":"<p>&nbsp; Witryna\u00a0 jest spo\u0142ecznym przedsi\u0119wzi\u0119ciem 1. Witryna powsta\u0142a z potrzeby&#8230;<\/p>\n<div class='heateorSssClear'><\/div><div  class='heateor_sss_sharing_container heateor_sss_horizontal_sharing' heateor-sss-data-href='https:\/\/fb.news48.eu\/?page_id=110'><div class='heateor_sss_sharing_title' style=\"font-weight:bold\" >Spread the love<\/div><ul class=\"heateor_sss_sharing_ul\"><li class=\"heateorSssSharingRound\"><i style=\"width:35px;height:35px;border-radius:999px;\" alt=\"Whatsapp\" Title=\"Whatsapp\" class=\"heateorSssSharing heateorSssWhatsappBackground\" onclick='heateorSssPopup(\"https:\/\/web.whatsapp.com\/send?text=Informacje https%3A%2F%2Ffb.news48.eu%2Findex.php%3Frest_route%3D%252Fwp%252Fv2%252Fpages%252F110\")'><ss style=\"display:block\" class=\"heateorSssSharingSvg heateorSssWhatsappSvg\"><\/ss><\/i><\/li><li class=\"heateorSssSharingRound\"><i style=\"width:35px;height:35px;border-radius:999px;\" alt=\"Viber\" Title=\"Viber\" class=\"heateorSssSharing heateorSssViberBackground\"><a href=\"viber:\/\/forward?text=Informacje https%3A%2F%2Ffb.news48.eu%2Findex.php%3Frest_route%3D%252Fwp%252Fv2%252Fpages%252F110\" rel=\"nofollow\"><ss style=\"display:block\" class=\"heateorSssSharingSvg heateorSssViberSvg\"><\/ss><\/a><\/i><\/li><li class=\"heateorSssSharingRound\"><i style=\"width:35px;height:35px;border-radius:999px;\" title=\"More\" alt=\"More\" class=\"heateorSssSharing heateorSssMoreBackground\" onclick=\"heateorSssMoreSharingPopup(this, 'https:\/\/fb.news48.eu\/index.php?rest_route=%2Fwp%2Fv2%2Fpages%2F110', 'Informacje', '' )\" ><ss style=\"display:block\" class=\"heateorSssSharingSvg heateorSssMoreSvg\"><\/ss><\/i><\/li><\/ul><div class=\"heateorSssClear\"><\/div><\/div><div class='heateorSssClear'><\/div>","protected":false},"author":1,"featured_media":0,"parent":0,"menu_order":0,"comment_status":"closed","ping_status":"closed","template":"","meta":[],"_links":{"self":[{"href":"https:\/\/fb.news48.eu\/index.php?rest_route=\/wp\/v2\/pages\/110"}],"collection":[{"href":"https:\/\/fb.news48.eu\/index.php?rest_route=\/wp\/v2\/pages"}],"about":[{"href":"https:\/\/fb.news48.eu\/index.php?rest_route=\/wp\/v2\/types\/page"}],"author":[{"embeddable":true,"href":"https:\/\/fb.news48.eu\/index.php?rest_route=\/wp\/v2\/users\/1"}],"replies":[{"embeddable":true,"href":"https:\/\/fb.news48.eu\/index.php?rest_route=%2Fwp%2Fv2%2Fcomments&post=110"}],"version-history":[{"count":3,"href":"https:\/\/fb.news48.eu\/index.php?rest_route=\/wp\/v2\/pages\/110\/revisions"}],"predecessor-version":[{"id":113,"href":"https:\/\/fb.news48.eu\/index.php?rest_route=\/wp\/v2\/pages\/110\/revisions\/113"}],"wp:attachment":[{"href":"https:\/\/fb.news48.eu\/index.php?rest_route=%2Fwp%2Fv2%2Fmedia&parent=110"}],"curies":[{"name":"wp","href":"https:\/\/api.w.org\/{rel}","templated":true}]}}